
-1846184 (base 10) to base 11
-105107a
What is -2324332 (base 5) in base 11?
-299a7
What is -11320512 (base 7) in base 2?
-11110011010100111101
Convert bab31 (base 12) to base 2.
111100010011010101
What is -1430344013 (base 5) in base 6?
-212350235
8a951 (base 11) to base 13
47b7a
10133021111 (base 4) to base 10
1176149
What is 474276 (base 8) in base 4?
213202332
1204152 (base 11) to base 16
2007dd
2210444 (base 7) to base 12
111185
a22440 (base 11) to base 15
226c22
-2004301 (base 7) to base 16
-39d12
Convert 741108 (base 9) to base 7.
3512660
What is 471077 (base 9) in base 2?
1000101000100101010
Convert -1478b6 (base 12) to base 11.
-216364
601623 (base 9) to base 12
1518b6
Convert 4e3d62 (base 16) to base 8.
23436542
48a59a (base 13) to base 9
3236147
-3072770 (base 9) to base 4
-12100331202
What is 23195 (base 14) in base 8?
246617
1001101000110100101000 (base 2) to base 16
268d28
What is -86711 (base 9) in base 15?
-12044
What is 24135d (base 15) in base 9?
3218707
What is bd5a (base 16) in base 12?
24076
11011011100110010101111 (base 2) to base 3
111112120210222
Convert 7ba0a (base 14) to base 5.
34113231
Convert 676342 (base 8) to base 15.
47ad8
What is -3125562 (base 8) in base 13?
-230c1c
Convert -61221a (base 11) to base 7.
-11235301
What is 1011011000111110101011 (base 2) in base 14?
57a227
-2131220330 (base 4) to base 3
-1012210201112
What is -32013022021 (base 4) in base 3?
-20221221112111
8a4b5 (base 16) to base 11
357648
Convert -360241 (base 13) to base 12.
-520004
What is -23541255 (base 6) in base 9?
-1353788
What is 203233320 (base 4) in base 11?
a0013
Convert -36634 (base 7) to base 11.
-721a
6136a (base 13) to base 4
222201032
Convert 6348 (base 9) to base 7.
16406
420322012 (base 5) to base 13
487368
Convert 4624625 (base 10) to base 15.
6153d5
What is 30033112302 (base 4) in base 10?
3208626
Convert -1c49c89 (base 13) to base 9.
-18644651
Convert -2d646b (base 15) to base 9.
-4120232
-107848 (base 11) to base 7
-1312450
What is 336694 (base 10) in base 13?
ba337
15954a (base 11) to base 8
742156
3020121230 (base 4) to base 5
202231334
-1332001233 (base 4) to base 11
-32291a
-2522446 (base 11) to base 7
-52144113
-1d74bd (base 16) to base 7
-22260034
Convert -54557 (base 8) to base 14.
-84b5
1229593 (base 14) to base 5
4212122241
12330210 (base 4) to base 11
1a416
What is 1000010101001000111 (base 2) in base 9?
455386
Convert 214110131 (base 5) to base 9.
1660687
Convert b6d013 (base 14) to base 16.
5e5569
What is 317a7a (base 14) in base 6?
55510044
Convert -12056643 (base 8) to base 6.
-132411135
What is 11101101110111101000001 (base 2) in base 3?
112200000001002
215222051 (base 6) to base 14
734047
Convert -bb3d9 (base 14) to base 8.
-1565643
Convert -15445123 (base 6) to base 8.
-2063353
What is 10000000012122 (base 3) in base 14?
2d7111
What is -7642d3 (base 15) in base 8?
-25372763
Convert -144440430 (base 5) to base 4.
-2332213010
19829a (base 16) to base 10
1671834
Convert 4593a (base 11) to base 2.
10000001100101111
What is 304316 (base 8) in base 10?
100558
What is -28363b (base 12) in base 15?
-d3632
What is 4566e2 (base 15) in base 11?
1962757
-317d3a (base 15) to base 8
-10770233
Convert 1211112122122 (base 3) to base 11.
60670a
Convert 33031232 (base 4) to base 6.
1200302
Convert 179215 (base 12) to base 7.
3324605
Convert 28957 (base 14) to base 9.
163025
What is -3cc9c (base 13) in base 9?
-183583
-23531a (base 15) to base 8
-6341210
Convert -20767 (base 13) to base 10.
-58390
What is -1012121121100 (base 3) in base 10?
-641961
Convert 75996 (base 12) to base 5.
14431302
Convert -100101010111101110100 (base 2) to base 14.
-23c3ac
Convert -143653 (base 10) to base 3.
-21022001111
16171112 (base 8) to base 3
21000121101210
What is 11120111122220 (base 3) in base 16?
2517f9
What is 13314001 (base 5) in base 12?
664b9
13300333 (base 5) to base 3
20211110022
Convert -434161 (base 9) to base 14.
-6a511
What is 996854 (base 13) in base 7?
42466241
What is 84e726 (base 15) in base 6?
343332413
What is 63550406 (base 7) in base 6?
311311435
210300313 (base 4) to base 11
a3154
What is 134c8a (base 16) in base 14?
24ccd4
What is 3430302 (base 7) in base 2?
1101000011000000111
Convert -222221110 (base 3) to base 4.
-10302321
231320133 (base 4) to base 2
101101111000011111
Convert 100001010111111001 (base 2) to base 13.
4a2b2
Convert 100012110202 (base 3) to base 5.
21244021
What is 144160553 (base 7) in base 6?
540532105
-10210201100002 (base 3) to base 4
-13231212002
Convert -10070188 (base 9) to base 5.
-2214012212
-12524175 (base 8) to base 15
-3a3515
Convert -468711 (base 16) to base 2.
-10001101000011100010001
Convert -23061321 (base 8) to base 9.
-10368878
What is 35503 (base 8) in base 15?
4766
What is -97a4 (base 12) in base 10?
-16684
What is 2a756b (base 14) in base 15?
1e382b
3502301 (base 8) to base 9
1710170
What is 120202133 (base 4) in base 12?
4a1bb
-2333167 (base 8) to base 2
-10011011011001110111
1ab44 (base 12) to base 11
27878
-21331032 (base 4) to base 9
-61843
What is -21112201221 (base 3) in base 12?
-71b51
Convert 12313 (base 16) to base 8.
221423
-5555530 (base 6) to base 13
-9a542
Convert 266036 (base 12) to base 11.
3a2221
What is -7e125 (base 15) in base 7?
-3262451
Convert -122022200122212 (base 3) to base 11.
-5218306
Convert -240134 (base 8) to base 3.
-11011111111
300332121 (base 4) to base 11
127795
Convert 389a7 (base 12) to base 2.
10010111010001111
Convert 77240 (base 10) to base 6.
1353332
Convert -122454251 (base 6) to base 9.
-4413784
What is -2011201202202 (base 3) in base 10?
-1156025
Convert 200340 (base 8) to base 11.
45452
What is 291b6 (base 12) in base 7?
326034
55223504 (base 6) to base 2
110010011010011100000
Convert 478467 (base 13) to base 9.
3175606
Convert 30134133 (base 5) to base 10.
239918
What is 503250 (base 6) in base 13?
15066
What is 115051466 (base 7) in base 2?
11011011011001010111101
What is -30b55 (base 12) in base 13?
-230b1
Convert -51b360 (base 13) to base 10.
-1909778
Convert 10410003 (base 5) to base 15.
1c088
100000110111011011 (base 2) to base 6
2515123
What is -21222001201 (base 3) in base 11?
-a7879
11111001010110110 (base 2) to base 7
1041134
What is -10032121231 (base 4) in base 8?
-4163155
What is -2545431 (base 7) in base 5?
-41041440
What is -3423213 (base 5) in base 12?
-2b402
985239 (base 10) to base 6
33041143
-784340 (base 10) to base 11
-496317
Convert -26a033 (base 16) to base 5.
-1122001004
Convert -28c31 (base 16) to base 6.
-3324545
59650 (base 11) to base 16
14fcd
Convert 5403645 (base 7) to base 5.
132004304
Convert -308541 (base 9) to base 5.
-21332141
What is -3caa1 (base 13) in base 3?
-12210012100
11321423311 (base 5) to base 7
216102336
Convert -10333351 (base 7) to base 11.
-552a43
What is 101001110101101110 (base 2) in base 16?
29d6e
10101110120110 (base 3) to base 5
430102233
Convert 5124423 (base 7) to base 13.
1853ca
What is -18b36d (base 16) in base 2?
-110001011001101101101
Convert -253227 (base 9) to base 11.
-a5183
What is 2114124 (base 7) in base 14?
693bb
What is 30331211 (base 4) in base 15?
10ae8
2022600 (base 7) to base 14
63c00
-134411402 (base 6) to base 5
-1200120220
-112001033312 (base 4) to base 13
-1271465
What is 1102299 (base 10) in base 11?
6931a0
50948c (base 13) to base 15
271255
What is d5d0b (base 15) in base 6?
22310332
What is -f1e6 (base 16) in base 13?
-22257
What is -14027253 (base 8) in base 16?
-302eab
443014 (base 9) to base 14
6c62c
Convert 1427305 (base 8) to base 15.
800c9
-1a778 (base 16) to base 11
-744a3
What is -1823589 (base 10) in base 9?
-3378440
Convert -101000100100000101101 (base 2) to base 8.
-5044055
272153 (base 8) to base 6
2013215
Convert 25552006 (base 7) to base 11.
1353128
What is cd823d (base 16) in base 14?
1b0835b
Convert -1344243120 (base 5) to base 6.
-203114040
What is 24727a9 (base 11) in base 8?
20301501
What is -7990c7 (base 13) in base 8?
-12761204
Convert 4070958 (base 11) to base 5.
3320034013
Convert -150cdc (base 14) to base 4.
-2302310202
Convert -28a2e (base 16) to base 5.
-20311241
Convert -122112120002 (base 3) to base 7.
-2635325
What is -102000200 (base 4) in base 14?
-1cc48
What is 3240106 (base 10) in base 13?
895a2c
Convert 321963 (base 10)